{"id":2,"date":"2021-11-26T17:02:03","date_gmt":"2021-11-26T20:02:03","guid":{"rendered":"http:\/\/pcausinagem.com.br\/?page_id=2"},"modified":"2024-02-24T17:43:10","modified_gmt":"2024-02-24T20:43:10","slug":"pagina-exemplo","status":"publish","type":"page","link":"https:\/\/pcausinagem.com.br\/","title":{"rendered":"P\u00e1gina Inicial"},"content":{"rendered":"<p>[et_pb_section fb_built=&#8221;1&#8243; _builder_version=&#8221;4.18.0&#8243; _module_preset=&#8221;default&#8221; global_colors_info=&#8221;{}&#8221;][et_pb_row _builder_version=&#8221;4.18.0&#8243; _module_preset=&#8221;default&#8221; background_image=&#8221;http:\/\/pcausinagem.com.br\/wp-content\/uploads\/2021\/11\/wire-edm-1200&#215;800-2.jpg&#8221; global_colors_info=&#8221;{}&#8221;][et_pb_column type=&#8221;4_4&#8243; _builder_version=&#8221;4.16&#8243; _module_preset=&#8221;default&#8221; global_colors_info=&#8221;{}&#8221;][et_pb_blurb title=&#8221;SOLU\u00c7\u00d5ES EM ELETROEROS\u00c3O \u00c0 FIO&#8221; content_max_width=&#8221;560px&#8221; _builder_version=&#8221;4.18.0&#8243; _module_preset=&#8221;default&#8221; header_level=&#8221;h2&#8243; body_font_size=&#8221;16px&#8221; body_line_height=&#8221;2em&#8221; background_layout=&#8221;dark&#8221; custom_margin=&#8221;0px||||false|false&#8221; text_shadow_style=&#8221;preset4&#8243; global_colors_info=&#8221;{}&#8221;]<\/p>\n<p>Atuamos no mercado oferecendo servi\u00e7os de eletroeros\u00e3o \u00e0 fio com m\u00e3o de obra altamente especializada. A eletroeros\u00e3o \u00e0 fio \u00e9 um processo de usinagem que garante grande qualidade de acabamento e precis\u00e3o, que pode ser aplicada inclusive em pe\u00e7as finalizadas com tratamento t\u00e9rmico.<\/p>\n<p>N\u00e3o importa o tamanho do seu projeto, temos a solu\u00e7\u00e3o sob medida para voc\u00ea. Entre em contato conosco, teremos o maior prazer em atend\u00ea-lo.<\/p>\n<p>[\/et_pb_blurb][\/et_pb_column][\/et_pb_row][et_pb_row column_structure=&#8221;1_3,1_3,1_3&#8243; _builder_version=&#8221;4.18.0&#8243; _module_preset=&#8221;default&#8221; global_colors_info=&#8221;{}&#8221;][et_pb_column type=&#8221;1_3&#8243; _builder_version=&#8221;4.18.0&#8243; _module_preset=&#8221;default&#8221; custom_padding=&#8221;10px|10px|10px|10px|true|true&#8221; border_radii=&#8221;on|10px|10px|10px|10px&#8221; border_width_all=&#8221;2px&#8221; border_color_all=&#8221;gcid-44fddb0c-0b24-43eb-af86-985b876adec6&#8243; box_shadow_style=&#8221;preset1&#8243; global_colors_info=&#8221;{%22gcid-44fddb0c-0b24-43eb-af86-985b876adec6%22:%91%22border_color_all%22%93}&#8221;][et_pb_blurb title=&#8221;Eletroeros\u00e3o \u00e0 fio&#8221; use_icon=&#8221;on&#8221; font_icon=&#8221;&#xe037;||divi||400&#8243; image_icon_width=&#8221;70px&#8221; _builder_version=&#8221;4.18.0&#8243; _module_preset=&#8221;default&#8221; height=&#8221;280px&#8221; custom_margin=&#8221;15px||||false|false&#8221; global_colors_info=&#8221;{}&#8221;]<\/p>\n<p>M\u00e1quinas de corte de eletroeros\u00e3o \u00e0 fio de lat\u00e3o \/ lat\u00e3o zincado que garante acabamento e precis\u00e3o superiores<\/p>\n<p>[\/et_pb_blurb][\/et_pb_column][et_pb_column type=&#8221;1_3&#8243; _builder_version=&#8221;4.18.0&#8243; _module_preset=&#8221;default&#8221; custom_padding=&#8221;10px|10px|10px|10px|true|true&#8221; border_radii=&#8221;on|10px|10px|10px|10px&#8221; border_width_all=&#8221;2px&#8221; border_color_all=&#8221;gcid-44fddb0c-0b24-43eb-af86-985b876adec6&#8243; box_shadow_style=&#8221;preset1&#8243; global_colors_info=&#8221;{%22gcid-44fddb0c-0b24-43eb-af86-985b876adec6%22:%91%22border_color_all%22%93}&#8221;][et_pb_blurb title=&#8221;Ferramentaria&#8221; use_icon=&#8221;on&#8221; font_icon=&#8221;&#xe035;||divi||400&#8243; icon_color=&#8221;#0099CC&#8221; image_icon_width=&#8221;70px&#8221; _builder_version=&#8221;4.18.0&#8243; _module_preset=&#8221;default&#8221; background_color=&#8221;RGBA(255,255,255,0)&#8221; height=&#8221;280px&#8221; custom_margin=&#8221;15px||||false|false&#8221; global_colors_info=&#8221;{}&#8221;]<\/p>\n<p>Projetos de moldes e ferramentas, corte em pe\u00e7as finalizadas com acabamento t\u00e9rmico e a\u00e7os de grande dureza<\/p>\n<p>[\/et_pb_blurb][\/et_pb_column][et_pb_column type=&#8221;1_3&#8243; _builder_version=&#8221;4.18.0&#8243; _module_preset=&#8221;default&#8221; custom_padding=&#8221;10px|10px|10px|10px|true|true&#8221; border_radii=&#8221;on|10px|10px|10px|10px&#8221; border_width_all=&#8221;2px&#8221; border_color_all=&#8221;gcid-44fddb0c-0b24-43eb-af86-985b876adec6&#8243; box_shadow_style=&#8221;preset1&#8243; global_colors_info=&#8221;{%22gcid-44fddb0c-0b24-43eb-af86-985b876adec6%22:%91%22border_color_all%22%93}&#8221;][et_pb_blurb title=&#8221;Projetos escalon\u00e1veis&#8221; use_icon=&#8221;on&#8221; font_icon=&#8221;&#xe0f2;||divi||400&#8243; icon_color=&#8221;#0099CC&#8221; image_icon_width=&#8221;70px&#8221; _builder_version=&#8221;4.18.0&#8243; _module_preset=&#8221;default&#8221; height=&#8221;280px&#8221; custom_margin=&#8221;15px||||false|false&#8221; global_colors_info=&#8221;{}&#8221;]<\/p>\n<p>Oferecemos grande flexibilidade para atender nossos clientes n\u00e3o importando o tamanho do seu projeto<\/p>\n<p>[\/et_pb_blurb][\/et_pb_column][\/et_pb_row][et_pb_row _builder_version=&#8221;4.18.0&#8243; _module_preset=&#8221;default&#8221; global_colors_info=&#8221;{}&#8221;][et_pb_column type=&#8221;4_4&#8243; _builder_version=&#8221;4.18.0&#8243; _module_preset=&#8221;default&#8221; global_colors_info=&#8221;{}&#8221;][et_pb_button button_url=&#8221;mailto:%20atendimento@pcausinagem.com.br&#8221; url_new_window=&#8221;on&#8221; button_text=&#8221;email atendimento&#8221; _builder_version=&#8221;4.18.0&#8243; _module_preset=&#8221;default&#8221; global_colors_info=&#8221;{}&#8221;][\/et_pb_button][\/et_pb_column][\/et_pb_row][\/et_pb_section]<\/p>\n","protected":false},"excerpt":{"rendered":"<p>Atuamos no mercado oferecendo servi\u00e7os de eletroeros\u00e3o \u00e0 fio com m\u00e3o de obra altamente especializada. A eletroeros\u00e3o \u00e0 fio \u00e9 um processo de usinagem que garante grande qualidade de acabamento e precis\u00e3o, que pode ser aplicada inclusive em pe\u00e7as finalizadas com tratamento t\u00e9rmico. N\u00e3o importa o tamanho do seu projeto, temos a solu\u00e7\u00e3o sob medida [&hellip;]<\/p>\n","protected":false},"author":1,"featured_media":0,"parent":0,"menu_order":0,"comment_status":"closed","ping_status":"open","template":"","meta":{"_et_pb_use_builder":"on","_et_pb_old_content":"<!-- wp:paragraph -->\n<p><\/p>\n<!-- \/wp:paragraph -->\n\n<!-- wp:heading {\"level\":1} -->\n<h1>SOLU\u00c7\u00d5ES PARA PROJETOS DE FERAMENTARIA<\/h1>\n<!-- \/wp:heading -->\n\n<!-- wp:paragraph {\"align\":\"center\",\"style\":{\"color\":{\"text\":\"#828485\"}},\"fontSize\":\"medium\"} -->\n<p class=\"has-text-align-center has-text-color has-medium-font-size\" style=\"color:#828485\">Atuamos no mercado oferecendo servi\u00e7os de usinagem mec\u00e2nica e servi\u00e7os de ferramentaria, com modernas m\u00e1quinas CNC e m\u00e3o de obra altamente especializada. N\u00e3o importa o tamanho do seu projeto, temos a solu\u00e7\u00e3o sob medida para voc\u00ea. Entre em contato conosco atrav\u00e9s de um de nossos canais, teremos o maior prazer em atend\u00ea-lo<\/p>\n<!-- \/wp:paragraph -->\n\n<!-- wp:spacer {\"height\":56} -->\n<div style=\"height:56px\" aria-hidden=\"true\" class=\"wp-block-spacer\"><\/div>\n<!-- \/wp:spacer -->\n\n<!-- wp:columns -->\n<div class=\"wp-block-columns\"><!-- wp:column -->\n<div class=\"wp-block-column\"><!-- wp:heading {\"level\":3} -->\n<h3>Usinagem <\/h3>\n<!-- \/wp:heading -->\n\n<!-- wp:paragraph -->\n<p>Realizamos servi\u00e7os de usinagem simples, com a utiliza\u00e7\u00e3o de fresadora e torno convencionais ou de comando num\u00e9rico<\/p>\n<!-- \/wp:paragraph --><\/div>\n<!-- \/wp:column -->\n\n<!-- wp:column -->\n<div class=\"wp-block-column\"><!-- wp:heading {\"level\":3} -->\n<h3>Ferramentaria<\/h3>\n<!-- \/wp:heading -->\n\n<!-- wp:paragraph -->\n<p>Projetos de moldes e ferramentas realizados com m\u00e1quinas CNC de cortes por eletroeros\u00e3o, garantindo precis\u00e3o e acabamento superiores para a\u00e7os de grande dureza<\/p>\n<!-- \/wp:paragraph --><\/div>\n<!-- \/wp:column -->\n\n<!-- wp:column -->\n<div class=\"wp-block-column\"><!-- wp:heading {\"level\":3} -->\n<h3>Projetos escalon\u00e1veis<\/h3>\n<!-- \/wp:heading -->\n\n<!-- wp:paragraph -->\n<p>Oferecemos grande flexibilidade para atender nossos clientes n\u00e3o importando o tamanho do seu projeto<\/p>\n<!-- \/wp:paragraph --><\/div>\n<!-- \/wp:column --><\/div>\n<!-- \/wp:columns -->\n\n<!-- wp:spacer {\"height\":39} -->\n<div style=\"height:39px\" aria-hidden=\"true\" class=\"wp-block-spacer\"><\/div>\n<!-- \/wp:spacer -->\n\n<!-- wp:buttons {\"contentJustification\":\"center\"} -->\n<div class=\"wp-block-buttons is-content-justification-center\"><!-- wp:button {\"backgroundColor\":\"vivid-cyan-blue\",\"textColor\":\"white\",\"width\":50,\"style\":{\"border\":{\"radius\":20}}} -->\n<div class=\"wp-block-button has-custom-width wp-block-button__width-50\"><a class=\"wp-block-button__link has-white-color has-vivid-cyan-blue-background-color has-text-color has-background\" href=\"\" style=\"border-radius:20px\">FA\u00c7A UM OR\u00c7AMENTO<\/a><\/div>\n<!-- \/wp:button --><\/div>\n<!-- \/wp:buttons -->\n\n<!-- wp:paragraph -->\n<p><\/p>\n<!-- \/wp:paragraph -->","_et_gb_content_width":"","om_disable_all_campaigns":false,"_monsterinsights_skip_tracking":false,"_monsterinsights_sitenote_active":false,"_monsterinsights_sitenote_note":"","_monsterinsights_sitenote_category":0},"aioseo_notices":[],"_links":{"self":[{"href":"https:\/\/pcausinagem.com.br\/index.php\/wp-json\/wp\/v2\/pages\/2"}],"collection":[{"href":"https:\/\/pcausinagem.com.br\/index.php\/wp-json\/wp\/v2\/pages"}],"about":[{"href":"https:\/\/pcausinagem.com.br\/index.php\/wp-json\/wp\/v2\/types\/page"}],"author":[{"embeddable":true,"href":"https:\/\/pcausinagem.com.br\/index.php\/wp-json\/wp\/v2\/users\/1"}],"replies":[{"embeddable":true,"href":"https:\/\/pcausinagem.com.br\/index.php\/wp-json\/wp\/v2\/comments?post=2"}],"version-history":[{"count":53,"href":"https:\/\/pcausinagem.com.br\/index.php\/wp-json\/wp\/v2\/pages\/2\/revisions"}],"predecessor-version":[{"id":243,"href":"https:\/\/pcausinagem.com.br\/index.php\/wp-json\/wp\/v2\/pages\/2\/revisions\/243"}],"wp:attachment":[{"href":"https:\/\/pcausinagem.com.br\/index.php\/wp-json\/wp\/v2\/media?parent=2"}],"curies":[{"name":"wp","href":"https:\/\/api.w.org\/{rel}","templated":true}]}}